{"id":290,"date":"2023-07-18T12:21:46","date_gmt":"2023-07-18T10:21:46","guid":{"rendered":"https:\/\/amblavalletta.esteri.it\/?page_id=290"},"modified":"2023-10-17T13:00:07","modified_gmt":"2023-10-17T11:00:07","slug":"residenza","status":"publish","type":"page","link":"https:\/\/amblavalletta.esteri.it\/it\/chi-siamo\/la-sede\/residenza\/","title":{"rendered":"Residenza"},"content":{"rendered":"<p><strong>Villa Bel Air &#8211; La Residenza dell&#8217;Ambasciatore d&#8217;Italia a Malta<br \/>\n<\/strong><br \/>\nLa Residenza dell\u2019Ambasciatore d\u2019Italia a Malta, Villa \u201cBel Air\u201d, si trova a Ta\u2019 Xbiex, cittadina di circa duemila abitanti situata nella parte nordorientale dell\u2019isola, non lontana dalla capitale La Valletta.<\/p>\n<p>La storia di Villa \u201cBel Air\u201d si intreccia con quella di due nobili famiglie maltesi, i Testaferrata e i Preziosi, che avviarono i lavori per la costruzione dell\u2019edificio nel maggio 1935.<\/p>\n<p>A seguito della dichiarazione d\u2019indipendenza di Malta nel settembre 1964, l\u2019Italia immediatamente stabil\u00ec relazioni diplomatiche con il Paese, inviandovi un proprio ambasciatore, Antonio Dazzi. Questi in una prima fase alloggi\u00f2 presso l\u2019hotel Phoenicia, alle porte di Valletta, e solo nell\u2019ultima parte della sua missione pot\u00e9 finalmente soggiornare a Ta\u2019 Xbiex.<\/p>\n<p>L\u2019Ambasciata venne invece ospitata per un breve periodo a Valletta nella stessa sede situata in Archbishop Street ove precedente operava il Consolato Generale d\u2019Italia. Ben presto per\u00f2, con l\u2019intensificarsi delle relazioni politiche e commerciali, gli uffici si rivelarono inadeguati e la cancelleria diplomatica fu trasferita a Ta\u2019 Xbiex, prima presso Villa Marpa, e poi a Villa \u201cBel Air\u201d che venne presa in affitto nel 1968.<\/p>\n<p>L\u2019Ambasciata mantenne i suoi uffici a Villa \u201cBel Air\u201d fino al 1974, allorch\u00e9 l\u2019ulteriore espansione delle relazioni e l\u2019attivit\u00e0 diplomatica sempre pi\u00f9 intensa indussero il Governo italiano a cercare una sede ancora pi\u00f9 ampia. Si arriv\u00f2 cos\u00ec all\u2019acquisto dell\u2019edificio a Floriana ove, ancora oggi, si trova la sede diplomatica italiana. Per quasi un decennio, quindi, le vicende di Villa \u201cBel Air\u201d si intrecciano strettamente con lo sviluppo delle relazioni tra Italia e Malta.<\/p>\n<p>Il 19 dicembre 1985 l\u2019Ambasciatore Andrea Negrotto Cambiaso incontr\u00f2 gli eredi del conte Luigi Preziosi davanti al notaio Marco Farrugia per stipulare l\u2019atto di compravendita di Villa \u201cBel Air\u201d che da quel momento divenne propriet\u00e0 del Governo italiano.<\/p>\n<p><img loading=\"lazy\" decoding=\"async\" class=\"alignnone wp-image-568 img-fluid\" src=\"https:\/\/amblavalletta.esteri.it\/wp-content\/uploads\/2023\/04\/RESIDENZA-ILLUMINATA-3-300x200.jpg\" alt=\"\" width=\"836\" height=\"557\" srcset=\"https:\/\/amblavalletta.esteri.it\/wp-content\/uploads\/2023\/04\/RESIDENZA-ILLUMINATA-3-300x200.jpg 300w, https:\/\/amblavalletta.esteri.it\/wp-content\/uploads\/2023\/04\/RESIDENZA-ILLUMINATA-3.jpg 728w\" sizes=\"auto, (max-width: 836px) 100vw, 836px\" \/><\/p>\n","protected":false},"excerpt":{"rendered":"Villa Bel Air &#8211; La Residenza dell&#8217;Ambasciatore d&#8217;Italia a Malta La Residenza dell\u2019Ambasciatore d\u2019Italia a Malta, Villa \u201cBel Air\u201d, si trova a Ta\u2019 Xbiex, cittadina di circa duemila abitanti situata nella parte nordorientale dell\u2019isola, non lontana dalla capitale La Valletta. La storia di Villa \u201cBel Air\u201d si intreccia con quella di due nobili famiglie maltesi, [&hellip;]","protected":false},"author":4,"featured_media":0,"parent":39,"menu_order":0,"comment_status":"closed","ping_status":"closed","template":"","meta":{"footnotes":""},"class_list":["post-290","page","type-page","status-publish","hentry"],"_links":{"self":[{"href":"https:\/\/amblavalletta.esteri.it\/it\/wp-json\/wp\/v2\/pages\/290","targetHints":{"allow":["GET"]}}],"collection":[{"href":"https:\/\/amblavalletta.esteri.it\/it\/wp-json\/wp\/v2\/pages"}],"about":[{"href":"https:\/\/amblavalletta.esteri.it\/it\/wp-json\/wp\/v2\/types\/page"}],"author":[{"embeddable":true,"href":"https:\/\/amblavalletta.esteri.it\/it\/wp-json\/wp\/v2\/users\/4"}],"replies":[{"embeddable":true,"href":"https:\/\/amblavalletta.esteri.it\/it\/wp-json\/wp\/v2\/comments?post=290"}],"version-history":[{"count":3,"href":"https:\/\/amblavalletta.esteri.it\/it\/wp-json\/wp\/v2\/pages\/290\/revisions"}],"predecessor-version":[{"id":595,"href":"https:\/\/amblavalletta.esteri.it\/it\/wp-json\/wp\/v2\/pages\/290\/revisions\/595"}],"up":[{"embeddable":true,"href":"https:\/\/amblavalletta.esteri.it\/it\/wp-json\/wp\/v2\/pages\/39"}],"wp:attachment":[{"href":"https:\/\/amblavalletta.esteri.it\/it\/wp-json\/wp\/v2\/media?parent=290"}],"curies":[{"name":"wp","href":"https:\/\/api.w.org\/{rel}","templated":true}]}}

<p><strong>Villa Bel Air &#8211; La Residenza dell&#8217;Ambasciatore d&#8217;Italia a Malta<br />
</strong><br />
La Residenza dell’Ambasciatore d’Italia a Malta, Villa “Bel Air”, si trova a Ta’ Xbiex, cittadina di circa duemila abitanti situata nella parte nordorientale dell’isola, non lontana dalla capitale La Valletta.</p>
<p>La storia di Villa “Bel Air” si intreccia con quella di due nobili famiglie maltesi, i Testaferrata e i Preziosi, che avviarono i lavori per la costruzione dell’edificio nel maggio 1935.</p>
<p>A seguito della dichiarazione d’indipendenza di Malta nel settembre 1964, l’Italia immediatamente stabilì relazioni diplomatiche con il Paese, inviandovi un proprio ambasciatore, Antonio Dazzi. Questi in una prima fase alloggiò presso l’hotel Phoenicia, alle porte di Valletta, e solo nell’ultima parte della sua missione poté finalmente soggiornare a Ta’ Xbiex.</p>
<p>L’Ambasciata venne invece ospitata per un breve periodo a Valletta nella stessa sede situata in Archbishop Street ove precedente operava il Consolato Generale d’Italia. Ben presto però, con l’intensificarsi delle relazioni politiche e commerciali, gli uffici si rivelarono inadeguati e la cancelleria diplomatica fu trasferita a Ta’ Xbiex, prima presso Villa Marpa, e poi a Villa “Bel Air” che venne presa in affitto nel 1968.</p>
<p>L’Ambasciata mantenne i suoi uffici a Villa “Bel Air” fino al 1974, allorché l’ulteriore espansione delle relazioni e l’attività diplomatica sempre più intensa indussero il Governo italiano a cercare una sede ancora più ampia. Si arrivò così all’acquisto dell’edificio a Floriana ove, ancora oggi, si trova la sede diplomatica italiana. Per quasi un decennio, quindi, le vicende di Villa “Bel Air” si intrecciano strettamente con lo sviluppo delle relazioni tra Italia e Malta.</p>
<p>Il 19 dicembre 1985 l’Ambasciatore Andrea Negrotto Cambiaso incontrò gli eredi del conte Luigi Preziosi davanti al notaio Marco Farrugia per stipulare l’atto di compravendita di Villa “Bel Air” che da quel momento divenne proprietà del Governo italiano.</p>
<p><img loading="lazy" decoding="async" class="alignnone wp-image-568 img-fluid" src="https://amblavalletta.esteri.it/wp-content/uploads/2023/04/RESIDENZA-ILLUMINATA-3-300x200.jpg" alt="" width="836" height="557" srcset="https://amblavalletta.esteri.it/wp-content/uploads/2023/04/RESIDENZA-ILLUMINATA-3-300x200.jpg 300w, https://amblavalletta.esteri.it/wp-content/uploads/2023/04/RESIDENZA-ILLUMINATA-3.jpg 728w" sizes="auto, (max-width: 836px) 100vw, 836px" /></p>
